 of 7499404.
2, 11, 170441
List the prime factors of 5036702.
2, 11, 179, 1279
What are the prime factors of 7868610?
2, 3, 5, 151, 193
What are the prime factors of 273423?
3, 91141
List the prime factors of 218652.
2, 3, 7, 19, 137
What are the prime factors of 333189?
3, 37021
What are the prime factors of 17687865?
3, 5, 13, 61, 1487
List the prime factors of 22597.
59, 383
What are the prime factors of 107147?
109, 983
List the prime factors of 557777.
11, 50707
What are the prime factors of 29092196?
2, 7, 1039007
What are the prime factors of 2605310?
2, 5, 61, 4271
What are the prime factors of 46902?
2, 3, 7817
List the prime factors of 132887.
132887
List the prime factors of 1045314.
2, 3, 58073
What are the prime factors of 883495?
5, 176699
What are the prime factors of 320944?
2, 13, 1543
What are the prime factors of 899936?
2, 28123
List the prime factors of 663160.
2, 5, 59, 281
What are the prime factors of 22756?
2, 5689
List the prime factors of 256437.
3, 28493
List the prime factors of 141096.
2, 3, 5879
List the prime factors of 255102.
2, 3, 17, 41, 61
List the prime factors of 1036067.
1036067
List the prime factors of 1151061.
3, 31, 12377
What are the prime factors of 396721?
13, 30517
What are the prime factors of 9870693?
3, 7, 17, 43, 643
What are the prime factors of 191435?
5, 38287
What are the prime factors of 8783501?
47, 186883
List the prime factors of 82989.
3, 9221
What are the prime factors of 1982868?
2, 3, 373, 443
List the prime factors of 29119271.
967, 30113
What are the prime factors of 1229454?
2, 3, 167, 409
What are the prime factors of 12428824?
2, 139, 11177
List the prime factors of 5431397.
19, 179, 1597
List the prime factors of 671087.
671087
What are the prime factors of 5278599?
3, 19, 30869
What are the prime factors of 29532673?
179, 164987
What are the prime factors of 2190483?
3, 27043
List the prime factors of 7647201.
3, 23, 36943
What are the prime factors of 361352?
2, 17, 2657
List the prime factors of 10315218.
2, 3, 1719203
List the prime factors of 1844237.
179, 10303
What are the prime factors of 6198464?
2, 96851
What are the prime factors of 29603845?
5, 41, 144409
What are the prime factors of 1792220?
2, 5, 89611
List the prime factors of 1095513.
3, 23, 15877
List the prime factors of 1889668.
2, 11, 67, 641
What are the prime factors of 62652?
2, 3, 23, 227
What are the prime factors of 1788598?
2, 7, 18251
What are the prime factors of 8989268?
2, 239, 9403
List the prime factors of 264366.
2, 3, 19, 773
What are the prime factors of 40755?
3, 5, 11, 13, 19
List the prime factors of 6742731.
3, 2247577
List the prime factors of 2214960.
2, 3, 5, 11, 839
What are the prime factors of 42521?
101, 421
What are the prime factors of 12231701?
31, 394571
List the prime factors of 1512685.
5, 19, 15923
What are the prime factors of 1852640?
2, 5, 11579
What are the prime factors of 2218545?
3, 5, 7, 7043
What are the prime factors of 13850622?
2, 3, 256493
List the prime factors of 1401875.
5, 2243
What are the prime factors of 2323523?
89, 26107
List the prime factors of 1941783.
3, 647261
List the prime factors of 953476.
2, 238369
What are the prime factors of 13202152?
2, 197, 8377
List the prime factors of 11103137.
11103137
What are the prime factors of 551246?
2, 275623
List the prime factors of 2441324.
2, 610331
List the prime factors of 3764327.
7, 17, 4519
List the prime factors of 1078387.
1078387
What are the prime factors of 789228?
2, 3, 11, 1993
List the prime factors of 12910252.
2, 163, 19801
List the prime factors of 27211476.
2, 3, 2267623
List the prime factors of 183843.
3, 11, 619
List the prime factors of 24908318.
2, 12454159
What are the prime factors of 1609549?
1609549
List the prime factors of 586226.
2, 19, 15427
List the prime factors of 1299522.
2, 3, 7, 30941
What are the prime factors of 65974?
2, 32987
List the prime factors of 13763751.
3, 241, 19037
What are the prime factors of 2973090?
2, 3, 5, 99103
What are the prime factors of 5565809?
5565809
List the prime factors of 1944557.
1944557
List the prime factors of 785940.
2, 3, 5, 13099
What are the prime factors of 2332971?
3, 259219
What are the prime factors of 203731?
11, 18521
What are the prime factors of 1596722?
2, 19, 42019
What are the prime factors of 7645681?
7645681
List the prime factors of 237787.
11, 21617
What are the prime factors of 2798858?
2, 67, 20887
List the prime factors of 24242374.
2, 13, 17, 4219
What are the prime factors of 811355?
5, 263, 617
What are the prime factors of 2712204?
2, 3, 11, 761
List the prime factors of 217105.
5, 7, 6203
What are the prime factors of 177222?
2, 3, 29537
List the prime factors of 29656556.
2, 941, 7879
What are the prime factors of 14058085?
5, 2811617
What are the prime factors of 19957989?
3, 59, 112757
List the prime factors of 2067058.
2, 7, 147647
What are the prime factors of 2875365?
3, 5, 19, 59
List the prime factors of 880199.
880199
What are the prime factors of 89314?
2, 44657
What are the prime factors of 167903?
19, 8837
List the prime factors of 740101.
271, 2731
What are the prime factors of 22238086?
2, 13, 855311
What are the prime factors of 211937?
11, 19267
What are the prime factors of 1348489?
1348489
What are the prime factors of 2641123?
2641123
What are the prime factors of 6989240?
2, 5, 23, 71, 107
List the prime factors of 683169.
3, 23, 9901
List the prime factors of 405374.
2, 157, 1291
List the prime factors of 677164.
2, 31, 43, 127
What are the prime factors of 1808704?
2, 59, 479
What are the prime factors of 205272?
2, 3, 2851
List the prime factors of 1604679.
3, 107, 4999
List the prime factors of 15914336.
2, 497323
What are the prime factors of 9445839?
3, 13, 242201
List the prime factors of 7684438.
2, 23, 89, 1877
List the prime factors of 257520.
2, 3, 5, 29, 37
List the prime factors of 3586738.
2, 1793369
What are the prime factors of 8972024?
2, 23, 48761
What are the prime factors of 250538?
2, 125269
List the prime factors of 767200.
2, 5, 7, 137
List the prime factors of 2335314.
2, 3, 389219
List the prime factors of 594432.
2, 3, 43
List the prime factors of 306377.
306377
List the prime factors of 156806.
2, 13, 37, 163
What are the prime factors of 227030?
2, 5, 73, 311
List the prime factors of 35847.
3, 7, 569
List the prime factors of 1585277.
113, 14029
List the prime factors of 13650887.
13650887
List the prime factors of 201587.
199, 1013
List the prime factors of 1868771.
157, 11903
What are the prime factors of 1990266?
2, 3, 331711
List the prime factors of 156283.
131, 1193
List the prime factors of 3740104.
2, 53, 8821
List the prime factors of 1044995.
5, 7, 73, 409
List the prime factors of 548053.
11, 49823
What are the prime factors of 2069646?
2, 3, 344941
What are the prime factors of 8936456?
2, 1117057
List the prime factors of 288195.
3, 5, 19213
List the prime factors of 5989146.
2, 3, 421, 2371
List the prime factors of 3019365.
3, 5, 229, 293
What are the prime factors of 844079?
457, 1847
What are the prime factors of 12598696?
2, 11, 61, 2347
List the prime factors of 1189612.
2, 297403
What are the prime factors of 263277?
3, 7, 199
List the prime factors of 13243928.
2, 37, 101, 443
List the prime factors of 435708.
2, 3, 7, 13, 19
List the prime factors of 238828.
2, 59707
What are the prime factors of 520966?
2, 260483
List the prime factors of 174979.
7, 3571
List the prime factors of 4001254.
2, 37, 139, 389
List the prime factors of 855332.
2, 213833
What are the prime factors of 439422?
2, 3, 73237
List the prime factors of 1150170.
2, 3, 5, 7, 5477
What are the prime factors of 24019658?
2, 13, 923833
What are the prime factors of 2024674?
2, 139, 7283
List the prime factors of 2196586.
2, 7, 156899
What are the prime factors of 97890?
2, 3, 5, 13, 251
What are the prime factors of 12969708?
2, 3, 17, 63577
What are the prime factors of 25329140?
2, 5, 181, 6997
List the prime factors of 20688463.
20688463
What are the prime factors of 12493434?
2, 3, 31, 67169
What are the prime factors of 4698282?
2, 3, 19, 41213
What are the prime factors of 1576636?
2, 613, 643
What are the prime factors of 1590077?
1590077
What are the prime f